{"id":359,"date":"2024-01-31T15:47:33","date_gmt":"2024-01-31T14:47:33","guid":{"rendered":"http:\/\/lecitronbleu34.fr\/?post_type=tribe_events&#038;p=359"},"modified":"2024-09-04T15:05:44","modified_gmt":"2024-09-04T13:05:44","slug":"formation-developper-son-esprit-critique-2","status":"publish","type":"tribe_events","link":"https:\/\/lecitronbleu34.fr\/index.php\/event\/formation-developper-son-esprit-critique-2\/","title":{"rendered":"Formation : \u00ab\u00a0D\u00e9velopper son esprit critique\u00a0\u00bb"},"content":{"rendered":"<p>Le groupe d&rsquo;activit\u00e9 \u00ab\u00a0esprit critique\u00a0\u00bb du citron bleu vous propose un week end de formation sur l\u2019esprit critique.<br \/>\nLes ateliers d&rsquo;\u00e9ducation populaire sont des moments de d\u00e9bats collectifs et dirig\u00e9s. Il ne s&rsquo;agit pas de laisser la parole libre mais de proposer des formes de d\u00e9bats \u00e9galitaires ou chacune et chacun puisse s&rsquo;exprimer.<br \/>\n<strong>Ou :<\/strong>\u00a0Au local des CEMEA (501 Rue de la M\u00e9tairie de Saysset \u00b7 Montpellier &#8211; arr\u00eat de tram 4 \u00ab\u00a0Garcia Lorca\u00a0\u00bb)<br \/>\n<strong>Quand :<\/strong> Le week end du 30 nov et 1er d\u00e9cembre 2024<br \/>\nSamedi : 10h \u2013 12h30 et 14h \u2013 17h + repas et soir\u00e9e conviviale<br \/>\nDimanche : 10h \u2013 12h30 et 14h \u2013 16h<br \/>\nDes temps de repas partag\u00e9s seront propos\u00e9s le midi.<br \/>\n<strong>Participation :<\/strong>\u00a0Prix libre<br \/>\n<strong>Inscription :<\/strong>\u00a0<a class=\"!text-viridian\" href=\"https:\/\/docs.google.com\/forms\/d\/e\/1FAIpQLSelWagqaU5W2xLVEXUFlrZBt9nXkyq1DgDx29TsZ6VmBEBGhA\/viewform\" target=\"_blank\" rel=\"noopener ugc\">Pour vous inscrire, vous devez remplir ce questionnaire en lien ici.<\/a><br \/>\n<strong>Accessibilit\u00e9 :<\/strong>\u00a0Le lieu est accessible aux personnes PMR (toilettes compris).<br \/>\nIl y a des places de parking PMR proche du lieu d\u2019accueil.<br \/>\nC\u2019est un lieu calme ou il est possible de s\u2019isoler.<br \/>\nIl n\u2019y aura pas d\u2019interpr\u00e8te LSF.<br \/>\nLe port du masque sera encourag\u00e9 si un-e participant-e en fait la demande.<br \/>\nPour toutes autres questions sur l\u2019accessibilit\u00e9, n\u2019h\u00e9sitez pas \u00e0 nous contacter.<br \/>\n<strong>Descriptif :<\/strong>\u00a0\u00ab Comment se fa\u00e7onner un esprit critique ? C&rsquo;est \u00e0 cette question que nous essayerons de r\u00e9pondre durant ce week end de formation. Nous aborderons un ensemble d&rsquo;outils scientifiques, philosophiques et \u00e9pist\u00e9mologiques pour construire sa propre auto-d\u00e9fense intellectuelle. Vous avez toujours r\u00eav\u00e9 de fabriquer votre curseur de vraisemblance, de participer \u00e0 un d\u00e9bat d&rsquo;arguments bidons, d&rsquo;\u00e9laborer des protocoles exp\u00e9rimentaux ? Alors venez participer \u00e0 ce week end de formation. \u00bb<\/p>\n","protected":false},"excerpt":{"rendered":"<p>Le groupe d&rsquo;activit\u00e9 \u00ab\u00a0esprit critique\u00a0\u00bb du citron bleu vous propose un week end de formation sur l\u2019esprit critique. Les ateliers d&rsquo;\u00e9ducation populaire sont des moments de d\u00e9bats collectifs et dirig\u00e9s. &#8230; <a title=\"Formation : \u00ab\u00a0D\u00e9velopper son esprit critique\u00a0\u00bb\" class=\"read-more\" href=\"https:\/\/lecitronbleu34.fr\/index.php\/event\/formation-developper-son-esprit-critique-2\/\" aria-label=\"En savoir plus sur Formation : \u00ab\u00a0D\u00e9velopper son esprit critique\u00a0\u00bb\">Lire la suite<\/a><\/p>\n","protected":false},"author":1,"featured_media":482,"template":"","meta":{"_tribe_events_status":"","_tribe_events_status_reason":"","footnotes":""},"tags":[],"tribe_events_cat":[10],"class_list":["post-359","tribe_events","type-tribe_events","status-publish","has-post-thumbnail","hentry","tribe_events_cat-education-populaire","cat_education-populaire"],"jetpack_sharing_enabled":true,"_links":{"self":[{"href":"https:\/\/lecitronbleu34.fr\/index.php\/wp-json\/wp\/v2\/tribe_events\/359","targetHints":{"allow":["GET"]}}],"collection":[{"href":"https:\/\/lecitronbleu34.fr\/index.php\/wp-json\/wp\/v2\/tribe_events"}],"about":[{"href":"https:\/\/lecitronbleu34.fr\/index.php\/wp-json\/wp\/v2\/types\/tribe_events"}],"author":[{"embeddable":true,"href":"https:\/\/lecitronbleu34.fr\/index.php\/wp-json\/wp\/v2\/users\/1"}],"version-history":[{"count":7,"href":"https:\/\/lecitronbleu34.fr\/index.php\/wp-json\/wp\/v2\/tribe_events\/359\/revisions"}],"predecessor-version":[{"id":485,"href":"https:\/\/lecitronbleu34.fr\/index.php\/wp-json\/wp\/v2\/tribe_events\/359\/revisions\/485"}],"wp:featuredmedia":[{"embeddable":true,"href":"https:\/\/lecitronbleu34.fr\/index.php\/wp-json\/wp\/v2\/media\/482"}],"wp:attachment":[{"href":"https:\/\/lecitronbleu34.fr\/index.php\/wp-json\/wp\/v2\/media?parent=359"}],"wp:term":[{"taxonomy":"post_tag","embeddable":true,"href":"https:\/\/lecitronbleu34.fr\/index.php\/wp-json\/wp\/v2\/tags?post=359"},{"taxonomy":"tribe_events_cat","embeddable":true,"href":"https:\/\/lecitronbleu34.fr\/index.php\/wp-json\/wp\/v2\/tribe_events_cat?post=359"}],"curies":[{"name":"wp","href":"https:\/\/api.w.org\/{rel}","templated":true}]}}

Formation : « Développer son esprit critique »

<p>Le groupe d&rsquo;activité « esprit critique » du citron bleu vous propose un week end de formation sur l’esprit critique.<br />
Les ateliers d&rsquo;éducation populaire sont des moments de débats collectifs et dirigés. Il ne s&rsquo;agit pas de laisser la parole libre mais de proposer des formes de débats égalitaires ou chacune et chacun puisse s&rsquo;exprimer.<br />
<strong>Ou :</strong> Au local des CEMEA (501 Rue de la Métairie de Saysset · Montpellier &#8211; arrêt de tram 4 « Garcia Lorca »)<br />
<strong>Quand :</strong> Le week end du 30 nov et 1er décembre 2024<br />
Samedi : 10h – 12h30 et 14h – 17h + repas et soirée conviviale<br />
Dimanche : 10h – 12h30 et 14h – 16h<br />
Des temps de repas partagés seront proposés le midi.<br />
<strong>Participation :</strong> Prix libre<br />
<strong>Inscription :</strong> <a class="!text-viridian" href="https://docs.google.com/forms/d/e/1FAIpQLSelWagqaU5W2xLVEXUFlrZBt9nXkyq1DgDx29TsZ6VmBEBGhA/viewform" target="_blank" rel="noopener ugc">Pour vous inscrire, vous devez remplir ce questionnaire en lien ici.</a><br />
<strong>Accessibilité :</strong> Le lieu est accessible aux personnes PMR (toilettes compris).<br />
Il y a des places de parking PMR proche du lieu d’accueil.<br />
C’est un lieu calme ou il est possible de s’isoler.<br />
Il n’y aura pas d’interprète LSF.<br />
Le port du masque sera encouragé si un-e participant-e en fait la demande.<br />
Pour toutes autres questions sur l’accessibilité, n’hésitez pas à nous contacter.<br />
<strong>Descriptif :</strong> « Comment se façonner un esprit critique ? C&rsquo;est à cette question que nous essayerons de répondre durant ce week end de formation. Nous aborderons un ensemble d&rsquo;outils scientifiques, philosophiques et épistémologiques pour construire sa propre auto-défense intellectuelle. Vous avez toujours rêvé de fabriquer votre curseur de vraisemblance, de participer à un débat d&rsquo;arguments bidons, d&rsquo;élaborer des protocoles expérimentaux ? Alors venez participer à ce week end de formation. »</p>

<p>Le groupe d&rsquo;activité « esprit critique » du citron bleu vous propose un week end de formation sur l’esprit critique. Les ateliers d&rsquo;éducation populaire sont des moments de débats collectifs et dirigés. &#8230; <a title="Formation : « Développer son esprit critique »" class="read-more" href="https://lecitronbleu34.fr/index.php/event/formation-developper-son-esprit-critique-2/" aria-label="En savoir plus sur Formation : « Développer son esprit critique »">Lire la suite</a></p>
