{"id":907,"date":"2026-09-04T09:28:09","date_gmt":"2026-09-04T07:28:09","guid":{"rendered":"https:\/\/lecitronbleu34.fr\/?post_type=tribe_events&#038;p=907"},"modified":"2026-09-04T09:28:09","modified_gmt":"2026-09-04T07:28:09","slug":"formation-cest-quoi-leducation-populaire-2","status":"publish","type":"tribe_events","link":"https:\/\/lecitronbleu34.fr\/index.php\/event\/formation-cest-quoi-leducation-populaire-2\/","title":{"rendered":"Formation : \u00ab c&rsquo;est quoi l&rsquo;\u00e9ducation populaire ? \u00bb"},"content":{"rendered":"<p class=\"mb-ds2-10\">Bonjour \u00e0 toutes et \u00e0 tous,<\/p>\n<p class=\"mb-ds2-10\">L&rsquo;espace militant \u00c9ducation populaire des CEMEA Occitanie est heureux de vous inviter \u00e0 une nouvelle formation\u00a0<strong>les jeudi 17 et vendredi 18 septembre 2026, de 9h \u00e0 17 dans les locaux des CEMEA \u00e0 Montpellier<\/strong>\u00a0(501 Rue de la M\u00e9tairie de Saysset \u00b7 Montpellier)<\/p>\n<p class=\"mb-ds2-10\"><strong>Description :<\/strong>\u00a0<em>Venez d\u00e9couvrir et exp\u00e9rimenter l&rsquo;\u00e9ducation populaire pendant deux jours avec l&rsquo;espace militant \u00ab\u00a0\u00e9ducation populaire\u00a0\u00bb des CEMEA.<\/em><br \/>\n<em>Ensemble nous nous poserons les questions qui traversent l&rsquo;\u00e9duc pop : Peut-on apprendre autrement ? Comment mobiliser les savoirs de mani\u00e8re horizontale ? Pourquoi partager les exp\u00e9riences de vie dans l&rsquo;apprentissage ? L&rsquo;\u00e9ducation populaire est-elle une \u00e9ducation politique ? Comment les m\u00e9thodes actives peuvent participer au processus de conscientisation et \u00e9mancipation ?<\/em><br \/>\n<em>Ces 2 jours seront aussi l&rsquo;occasion de faire directement l&rsquo;exp\u00e9rience d&rsquo;outils de l&rsquo;\u00e9ducation populaire. D\u00e9bat mouvant, pense \u00e9coute, boule de neige et d&rsquo;autres m\u00e9thodes seront utilis\u00e9s pour d\u00e9couvrir, exp\u00e9rimenter et r\u00e9fl\u00e9chir collectivement !<\/em><br \/>\n<em>Avec ces 2 jours nous voulons transmettre notre engagement pour l&rsquo;\u00e9duc pop, pour qu&rsquo;elle ne se r\u00e9sume pas \u00e0 2 mots parfois vid\u00e9s de leur sens et, qu&rsquo;\u00e0 l&rsquo;inverse, elle reste un lieu d&rsquo;exp\u00e9rimentation et de transformation sociale.<\/em><\/p>\n<p class=\"mb-ds2-10\"><strong>Anim\u00e9 par Coline et R\u00e9mi.<\/strong><br \/>\n<strong>Participation :<\/strong>\u00a0<a class=\"!text-ds2-text-fill-brand_primary-enabled hover:!text-ds2-text-fill-brand_primary-hover\" title=\"[https:\/\/www.cemea-occitanie.org\/adherer-aux-cemea-occitanie](https:\/\/www.cemea-occitanie.org\/adherer-aux-cemea-occitanie)\" href=\"http:\/\/[https\/\/www.cemea-occitanie.org\/adherer-aux-cemea-occitanie%5D(https:\/\/www.cemea-occitanie.org\/adherer-aux-cemea-occitanie)\" target=\"_blank\" rel=\"nofollow noopener ugc\">Adh\u00e9sion aux CEMEA Occitanie.<\/a><br \/>\n<strong>Accessibilit\u00e9 :<\/strong>\u00a0Le lieu est accessible aux personnes PMR (toilettes compris).<br \/>\nIl y a des places de parking PMR proche du lieu d\u2019accueil.<br \/>\nL&rsquo;arr\u00eat de tram est \u00e0 400m.<br \/>\nC\u2019est un lieu calme ou il est possible de s\u2019isoler.<br \/>\nIl n\u2019y aura pas d\u2019interpr\u00e8te LSF.<br \/>\nPour toutes autres questions sur l\u2019accessibilit\u00e9, n\u2019h\u00e9sitez pas \u00e0 nous contacter.<\/p>\n<p class=\"mb-ds2-10\"><strong>Pour vous inscrire<\/strong>,\u00a0<a class=\"!text-ds2-text-fill-brand_primary-enabled hover:!text-ds2-text-fill-brand_primary-hover\" href=\"https:\/\/forms.gle\/od4z8jBVPduaJdFv8\" target=\"_blank\" rel=\"nofollow noopener ugc\">il suffit de remplir le formulaire suivant.<\/a><\/p>\n<p class=\"mb-ds2-10\">Au plaisir de partager ces deux journ\u00e9es avec vous.<\/p>\n","protected":false},"excerpt":{"rendered":"<p>Bonjour \u00e0 toutes et \u00e0 tous, L&rsquo;espace militant \u00c9ducation populaire des CEMEA Occitanie est heureux de vous inviter \u00e0 une nouvelle formation\u00a0les jeudi 17 et vendredi 18 septembre 2026, de &#8230; <a title=\"Formation : \u00ab c&rsquo;est quoi l&rsquo;\u00e9ducation populaire ? \u00bb\" class=\"read-more\" href=\"https:\/\/lecitronbleu34.fr\/index.php\/event\/formation-cest-quoi-leducation-populaire-2\/\" aria-label=\"En savoir plus sur Formation : \u00ab c&rsquo;est quoi l&rsquo;\u00e9ducation populaire ? \u00bb\">Lire la suite<\/a><\/p>\n","protected":false},"author":1,"featured_media":908,"template":"","meta":{"_tribe_events_status":"","_tribe_events_status_reason":"","footnotes":""},"tags":[],"tribe_events_cat":[10],"class_list":["post-907","tribe_events","type-tribe_events","status-publish","has-post-thumbnail","hentry","tribe_events_cat-education-populaire","cat_education-populaire"],"jetpack_sharing_enabled":true,"_links":{"self":[{"href":"https:\/\/lecitronbleu34.fr\/index.php\/wp-json\/wp\/v2\/tribe_events\/907","targetHints":{"allow":["GET"]}}],"collection":[{"href":"https:\/\/lecitronbleu34.fr\/index.php\/wp-json\/wp\/v2\/tribe_events"}],"about":[{"href":"https:\/\/lecitronbleu34.fr\/index.php\/wp-json\/wp\/v2\/types\/tribe_events"}],"author":[{"embeddable":true,"href":"https:\/\/lecitronbleu34.fr\/index.php\/wp-json\/wp\/v2\/users\/1"}],"version-history":[{"count":1,"href":"https:\/\/lecitronbleu34.fr\/index.php\/wp-json\/wp\/v2\/tribe_events\/907\/revisions"}],"predecessor-version":[{"id":909,"href":"https:\/\/lecitronbleu34.fr\/index.php\/wp-json\/wp\/v2\/tribe_events\/907\/revisions\/909"}],"wp:featuredmedia":[{"embeddable":true,"href":"https:\/\/lecitronbleu34.fr\/index.php\/wp-json\/wp\/v2\/media\/908"}],"wp:attachment":[{"href":"https:\/\/lecitronbleu34.fr\/index.php\/wp-json\/wp\/v2\/media?parent=907"}],"wp:term":[{"taxonomy":"post_tag","embeddable":true,"href":"https:\/\/lecitronbleu34.fr\/index.php\/wp-json\/wp\/v2\/tags?post=907"},{"taxonomy":"tribe_events_cat","embeddable":true,"href":"https:\/\/lecitronbleu34.fr\/index.php\/wp-json\/wp\/v2\/tribe_events_cat?post=907"}],"curies":[{"name":"wp","href":"https:\/\/api.w.org\/{rel}","templated":true}]}}

Formation : « c&rsquo;est quoi l&rsquo;éducation populaire ? »

<p class="mb-ds2-10">Bonjour à toutes et à tous,</p>
<p class="mb-ds2-10">L&rsquo;espace militant Éducation populaire des CEMEA Occitanie est heureux de vous inviter à une nouvelle formation <strong>les jeudi 17 et vendredi 18 septembre 2026, de 9h à 17 dans les locaux des CEMEA à Montpellier</strong> (501 Rue de la Métairie de Saysset · Montpellier)</p>
<p class="mb-ds2-10"><strong>Description :</strong> <em>Venez découvrir et expérimenter l&rsquo;éducation populaire pendant deux jours avec l&rsquo;espace militant « éducation populaire » des CEMEA.</em><br />
<em>Ensemble nous nous poserons les questions qui traversent l&rsquo;éduc pop : Peut-on apprendre autrement ? Comment mobiliser les savoirs de manière horizontale ? Pourquoi partager les expériences de vie dans l&rsquo;apprentissage ? L&rsquo;éducation populaire est-elle une éducation politique ? Comment les méthodes actives peuvent participer au processus de conscientisation et émancipation ?</em><br />
<em>Ces 2 jours seront aussi l&rsquo;occasion de faire directement l&rsquo;expérience d&rsquo;outils de l&rsquo;éducation populaire. Débat mouvant, pense écoute, boule de neige et d&rsquo;autres méthodes seront utilisés pour découvrir, expérimenter et réfléchir collectivement !</em><br />
<em>Avec ces 2 jours nous voulons transmettre notre engagement pour l&rsquo;éduc pop, pour qu&rsquo;elle ne se résume pas à 2 mots parfois vidés de leur sens et, qu&rsquo;à l&rsquo;inverse, elle reste un lieu d&rsquo;expérimentation et de transformation sociale.</em></p>
<p class="mb-ds2-10"><strong>Animé par Coline et Rémi.</strong><br />
<strong>Participation :</strong> <a class="!text-ds2-text-fill-brand_primary-enabled hover:!text-ds2-text-fill-brand_primary-hover" title="[https://www.cemea-occitanie.org/adherer-aux-cemea-occitanie](https://www.cemea-occitanie.org/adherer-aux-cemea-occitanie)" href="http://[https//www.cemea-occitanie.org/adherer-aux-cemea-occitanie%5D(https://www.cemea-occitanie.org/adherer-aux-cemea-occitanie)" target="_blank" rel="nofollow noopener ugc">Adhésion aux CEMEA Occitanie.</a><br />
<strong>Accessibilité :</strong> Le lieu est accessible aux personnes PMR (toilettes compris).<br />
Il y a des places de parking PMR proche du lieu d’accueil.<br />
L&rsquo;arrêt de tram est à 400m.<br />
C’est un lieu calme ou il est possible de s’isoler.<br />
Il n’y aura pas d’interprète LSF.<br />
Pour toutes autres questions sur l’accessibilité, n’hésitez pas à nous contacter.</p>
<p class="mb-ds2-10"><strong>Pour vous inscrire</strong>, <a class="!text-ds2-text-fill-brand_primary-enabled hover:!text-ds2-text-fill-brand_primary-hover" href="https://forms.gle/od4z8jBVPduaJdFv8" target="_blank" rel="nofollow noopener ugc">il suffit de remplir le formulaire suivant.</a></p>
<p class="mb-ds2-10">Au plaisir de partager ces deux journées avec vous.</p>

<p>Bonjour à toutes et à tous, L&rsquo;espace militant Éducation populaire des CEMEA Occitanie est heureux de vous inviter à une nouvelle formation les jeudi 17 et vendredi 18 septembre 2026, de &#8230; <a title="Formation : « c&rsquo;est quoi l&rsquo;éducation populaire ? »" class="read-more" href="https://lecitronbleu34.fr/index.php/event/formation-cest-quoi-leducation-populaire-2/" aria-label="En savoir plus sur Formation : « c&rsquo;est quoi l&rsquo;éducation populaire ? »">Lire la suite</a></p>
